 -3*l. Suppose -l*s + t = -184. What is the units digit of s?
3
Suppose 562*u - 575*u + 216574 = -542522. What is the ten thousands digit of u?
5
Suppose -21*w + 114 = 51. Suppose 2042 = 2*s + 5*u, 5*u - 3097 = -w*s + 6*u. What is the tens digit of s?
3
Suppose 805*w - 806*w = 3*l - 101805, -w = l - 33937. What is the ten thousands digit of l?
3
Suppose -4*l = -3*q + 874, -29*q + 28*q = -2*l - 288. What is the units digit of q?
8
Let k = 80 - 60. Suppose 4*a = b + 13, -2*b - k = -a - 4*a. Suppose -5*d = -5*w - d + 435, -174 = -a*w + 4*d. What is the units digit of w?
7
Let h be 2/4*5 + 10/20. Let g be 1/3 - ((-17)/h + -3). Suppose -g*t - 90 = -15*t. What is the units digit of t?
5
Suppose -19*i + 2*i = 0. Suppose -m - 314 = -2*p - 6*m, i = 2*m - 8. What is the units digit of p?
7
Let w(i) = 48*i - 14. Let g be w(-3). Let h = g - -244. What is the tens digit of h?
8
Let m(g) = 6*g - 82. Let z be m(13). Let x(b) = -110*b - 44. What is the hundreds digit of x(z)?
3
Let t = 597 + -590. Suppose 20192 = t*d + 9*d. What is the units digit of d?
2
Let o be (-2)/8*-4 - 4. Let g be o/(-9) + 870/(-18). Let a = g + 66. What is the units digit of a?
8
Suppose 0 = 5*t + 25, -3*n - 5*t + 109 = -4*t. Let c be 8/8 + (-32)/2. What is the tens digit of n/(-6)*c/5?
1
Let f = 13 + -13. Suppose l + 8 = -4*r, 2*l + f*r - 24 = 2*r. Suppose -l*o + 10*o = 430. What is the units digit of o?
5
Suppose 0*l - 5*l - 240 = -5*t, -2*l = -3*t + 139. Suppose 7*c + 36*c - t = 0. What is the units digit of c?
1
Suppose 0 = -259*r + 280*r - 164822 - 30016. What is the units digit of r?
8
Let q be -38*-4*(-4)/(-8). Suppose 4*j = 2*d - q, -2*d + 5*d + 4*j - 94 = 0. What is the tens digit of d?
3
Suppose 0 = -4*l + c + 965, -4*l - c + 5*c + 956 = 0. Let d(k) = 19*k**3 - 2*k**2 + 2*k + 5. Let p be d(2). Let g = l - p. What is the tens digit of g?
8
Let k = 2996 + -1583. What is the thousands digit of k?
1
Let d(t) = -13*t - 16. Let z(v) = -7*v - 8. Let l(g) = 6*d(g) - 11*z(g). Let p be l(-7). Let o = p + 61. What is the tens digit of o?
6
Let y be 897/92 - (1 - 1/4). Let k(l) = 25*l - 16. What is the tens digit of k(y)?
0
Suppose -181*l + 1070990 + 215428 = 37*l. What is the tens digit of l?
0
Let b be -1 - (0 - (0 + 0 - -4)). Let n(x) = -x**3 + 11*x**2 - 3*x - 8. What is the tens digit of n(b)?
5
Let x be 45/10*(-4)/(-9). Suppose u - 34 = -x. Suppose c = 2*k - 50, -k + u = -0*k - 4*c. What is the units digit of k?
4
Suppose -12*w - 9*w = -705012. What is the units digit of w?
2
Suppose -7*i - 6*i + 23595 = 0. Suppose -4*k + 792 = c, -5*c + i = -3*k - 2099. What is the hundreds digit of c?
7
Suppose -29*p = 120736 - 216996 - 763358. What is the units digit of p?
2
What is the units digit of -8*(-59)/2 + (-24)/(-12)?
8
Let z(y) = 5*y**2 + 13*y + 17. Let g(c) = 2*c**2 + 38*c + 57. Let p be g(-17). What is the hundreds digit of z(p)?
4
Let a be ((-10)/20)/((-2)/148) + -4. What is the tens digit of (-3445)/(-35) + a/21 + -2?
9
Let u = 81 + -120. Let i = u - 3. Let m = i - -108. What is the tens digit of m?
6
What is the hundreds digit of 1216*(351/12 + 0 + 12)?
1
Let m(g) = -22*g - 14. Let j be m(-5). Suppose 6*n + 18 = j. Suppose n - 237 = -4*z. What is the units digit of z?
6
Let c = -43 - -49. Suppose 0*g + c = 3*g. Suppose 6 = -2*w, b - g*b = -4*w - 102. What is the units digit of b?
0
Suppose -69*y + 245520 = 42*y - 18*y. What is the units digit of y?
0
Suppose 2*q - 12 + 18 = 0. What is the tens digit of 55809/(-78)*(1 + 5/q)?
7
Let t = 506 + 1922. Suppose 11*y - t = 7835. What is the units digit of y?
3
Suppose 0 = 3*i + 3*h - 15, 0 = 4*i + i + 3*h - 23. Suppose i*z = -4*v - z - 49, -4*z - 8 = -2*v. What is the units digit of (3 - 0) + 47 + v?
4
Let r(z) = 16*z**2 - 2*z + 6. Let n be r(6). Let w = n - 216. What is the hundreds digit of w?
3
Suppose 66*x = 349011 + 181959. What is the hundreds digit of x?
0
Let g(d) = d + 1. Let h(z) = z**2 + 3*z - 7. Let y(o) = -4*g(o) + h(o). Let f be y(4). What is the units digit of 2 + 0/(-3) + f?
3
Suppose -362 = 3*y - 194. What is the tens digit of 9*y/(-189)*(-3462)/(-8)?
5
Suppose -4*a = 2*c - 22266, -4*c + 0*a + 2*a = -44482. What is the thousands digit of c?
1
Suppose -14*r = 1232 - 140. Let x = r + 29. What is the units digit of 1/(14/x - 15/(-49))?
9
Suppose 13246 = -24*k + 28*k - o, -7*k - 4*o + 23215 = 0. What is the hundreds digit of k?
3
Let w = 22284 + -3646. What is the thousands digit of w?
8
Let q = 430 + -51. Let t be (q/(-5))/((-6)/30). Suppose 2*i + 371 = 3*c, 4*c = 7*c - 4*i - t. What is the units digit of c?
1
Let i = 217309 - 153806. What is the ten thousands digit of i?
6
Let p(d) = d**3 - 5*d**2 + 5*d + 2. Let a(u) = 5*u - 1. Let o be a(9). Let w = o - 39. What is the units digit of p(w)?
7
Let z be (18/12)/(3/(-32)). Let r be 1150/(-4) - 0 - (-8)/z. Let p = 560 + r. What is the hundreds digit of p?
2
Let h be (0 - 12/10)/(6/(-45)). Let u(z) = z**3 - 2*z**2 - 7*z - 6. Let g be u(h). Suppose 5*v - 2*n = 799, 0*v + 3*v - g = -5*n. What is the units digit of v?
1
Let s be 2*(-2)/(-5) + (-104)/130. Suppose 29*b - 23*b - 5832 = s. What is the units digit of b?
2
Let r = -461 - -1021. What is the units digit of r?
0
Suppose 31*b + 13*b = 2758355 + 171033. What is the units digit of b?
7
Suppose 8026 = 2*q - p, -29*p + 34*p = q - 4013. What is the thousands digit of q?
4
Suppose 101*d = 105*d - 20. Suppose -5*s = -0*q - q - 5487, 0 = -5*s + d*q + 5495. What is the tens digit of s?
9
Let g(y) = -992*y - 3008. What is the ten thousands digit of g(-16)?
1
Suppose 681*x = 641*x + 1540680. What is the tens digit of x?
1
Suppose 5*x = 10*x + 45. Let p = -87 + x. Let k = p - -168. What is the tens digit of k?
7
Suppose 0 = -46*d + 60*d - 20174. Let m = -539 + d. What is the hundreds digit of m?
9
Suppose d - 9 = -y, 3*y = -5*d - 0*y + 45. Suppose -336 = d*n - 885. Suppose -n + 201 = 10*f. What is the tens digit of f?
1
Let x = -10461 + 69598. What is the tens digit of x?
3
Let h be (8/16*3)/((-3)/(-10)). Suppose 4*n + v - 1941 = 4*v, v + 2418 = h*n. What is the hundreds digit of n?
4
What is the thousands digit of (-1931)/(-2)*7 - (-12)/8?
6
Let z = -98 + 132. Suppose -g - 82 = -4*a, -z = -2*a - 25*g + 22*g. What is the tens digit of a?
2
Let c(w) = 4*w + 62. Let x be c(-14). What is the hundreds digit of (x + -1 + 0)*113?
5
Suppose -5*b + 657 = -133. Suppose w - 34 = b. Suppose -3*u + w = 2*d, 0*u + 4*u = 3*d - 322. What is the tens digit of d?
0
Let s = 110 - 98. Let j be 2/(-4)*-6 - -373. Suppose -s*l + 536 = -j. What is the units digit of l?
6
Let n = 14861 + -5717. What is the hundreds digit of n?
1
Let l = -53 - -51. Let f be 1/1 - (4/2 - l). What is the hundreds digit of -3 + f + (121 - 2)?
1
Let x(a) = 124*a**2 - 39*a - 549. What is the tens digit of x(-14)?
0
Suppose 3*z + 77910 = 5*v - 7169, -v + 17017 = -z. What is the hundreds digit of v?
0
Let s(v) = v**2 - 12*v - 41. Let n be s(13). What is the hundreds digit of (6/5)/(n/(-8050))?
3
Suppose -z = -v + 5969, 6563 - 590 = v + 3*z. What is the units digit of v?
0
Suppose -4*g + 3 = 2*f - 5*g, 4*f + 3*g - 11 = 0. Suppose -229 = -c - 3*u, 7*c = 10*c - f*u - 676. What is the hundreds digit of c?
2
Suppose -5796 = -7*p - 7*p. Suppose -p = -30*q + 3366. What is the hundreds digit of q?
1
Suppose 7958 - 1838 = 4*g. Suppose 2*t = -4*t + g. What is the tens digit of t?
5
Let f(m) = -m**3 + 2*m**2 + 6. Let l(o) = o**2 + 1. Let y(c) = f(c) - 5*l(c). Let t be y(-1). What is the units digit of ((-18)/(-36))/(t/(-226))?
3
Suppose 7 = 2*i + 5. Let k(q) = 231*q + 5. Let d(z) = -z + 1. Let f(j) = i*k(j) - 2*d(j). What is the units digit of f(1)?
6
Let n(h) = -39*h**3 - 13*h**2 - 5*h + 2. Let m(s) = 2*s**2. Let a(t) = 3*m(t) + n(t). What is the hundreds digit of a(-2)?
2
Let k(v) = 11*v**2 - 42*v + 441. What is the ten thousands digit of k(-43)?
2
Suppose 0 = 3*n - 5*i - 23822, -18*n - 7959 = -19*n - 2*i. What is the units digit of n?
9
What is the thousands digit of ((-8346)/6)/(30/30*1/(-17))?
3
Suppose -9*y + 428 = -14*y - 2*m, 0 = y + 4*m + 100. Let b = y + 743. What is the tens digit of b?
5
Let r = -803 + 12574. What is the tens digit of r?
7
Let r = 89 + -2. Suppose -1260 = -r*c + 83*c. Suppose 3*q - 294 = 5*d - 0*d, 2*d = -3*q + c. What is the hundreds digit of q?
1
Let t = -9573